 = -p**3 - 72*p**2 - 134*p - 4470. Determine u(-71).
3
Let v(i) = i**2 - 53*i - 46. Give v(48).
-286
Let f(w) = -6*w**2 - 229*w - 676. What is f(-35)?
-11
Let y(w) = -157*w**3 + w**2 + 6*w + 7. Give y(-1).
159
Let f(u) = 18*u**2 - 149*u - 184. What is f(9)?
-67
Let z(o) = o**3 + 20*o**2 - 43*o + 27. Give z(-22).
5
Let w(t) = -108*t + 372. Give w(5).
-168
Let x(f) = 75*f - 114. Give x(2).
36
Let k(b) = -b**3 + 16*b**2 + 73*b - 9. What is k(-4)?
19
Let o(k) = 8*k + 229. Calculate o(-38).
-75
Let w(x) = -4*x**2 + 30*x - 247. What is w(7)?
-233
Let z(n) = -n**2 - 72*n - 886. Determine z(-57).
-31
Let d(f) = -4*f**2 + 55*f + 4. Calculate d(14).
-10
Let b(i) = -i**2 + 50*i - 300. Determine b(9).
69
Let n(l) = l**2 - 38*l + 172. What is n(6)?
-20
Let q(s) = -2*s**2 + 25*s + 359. Calculate q(21).
2
Let q(t) = -5*t**3 - 139*t**2 - 928*t - 37. Give q(-11).
7
Let g(o) = -20*o**2 + 295*o + 16. What is g(15)?
-59
Let l(q) = -q**3 + 32*q**2 + q - 23. Calculate l(32).
9
Let c(m) = 13*m - 68. What is c(-5)?
-133
Let h(w) = 108*w - 5. Calculate h(2).
211
Let o(g) = -6*g + 172. What is o(-7)?
214
Let i(n) = n**2 + 99*n - 373. Give i(4).
39
Let z(b) = -4*b**2 + 201*b + 29. Calculate z(51).
-124
Let h(b) = -4*b**2 + 69*b + 120. Calculate h(19).
-13
Let y(s) = -s**2 - 10*s + 114. Determine y(6).
18
Let t(c) = c**3 - 29*c**2 - 66*c + 104. Determine t(31).
-20
Let q(y) = 657*y - 61762. Give q(94).
-4
Let n(u) = 12*u + 144. Calculate n(-16).
-48
Let a(o) = 146*o - 157. Determine a(1).
-11
Let i(c) = c**3 - 9*c**2 + 19*c + 9. What is i(4)?
5
Let z(i) = -507*i + 4592. What is z(9)?
29
Let a(k) = 51*k + 2616. What is a(-68)?
-852
Let d(k) = -k**3 - 11*k**2 - 27*k - 88. What is d(-9)?
-7
Let y(c) = -1254*c + 5014. Calculate y(4).
-2
Let h(y) = -y**3 + 24*y**2 + 123*y + 35. Give h(-4).
-9
Let s(n) = 39*n - 1410. Calculate s(30).
-240
Let y(a) = -8*a - 995. Give y(-124).
-3
Let z(k) = 692*k + 95477. Determine z(-138).
-19
Let i(f) = -75*f - 1052. Give i(-7).
-527
Let c(m) = 85*m - 2469. Calculate c(29).
-4
Let d(n) = -228*n - 523. Calculate d(-7).
1073
Let q(f) = -197*f - 5103. What is q(-26)?
19
Let b(i) = 3*i**2 + 11718*i - 11719. Calculate b(1).
2
Let r(j) = -467*j - 2344. Give r(-5).
-9
Let b(f) = -f**3 - 125*f**2 - 3484*f + 82. Give b(-42).
-2
Let z(t) = t**2 + 27*t + 13. Give z(-14).
-169
Let k(u) = -u**2 - 8625*u - 129147. Calculate k(-15).
3
Let y(x) = 2*x + 94. Calculate y(-19).
56
Let x(s) = -s**2 - 40*s + 346. What is x(-45)?
121
Let y(w) = -w**3 - 8*w**2 + 3*w - 15. Give y(-7).
-85
Let q(n) = -n**2 - 53*n - 418. Give q(-43).
12
Let p(f) = f**2 - 27*f + 163. What is p(8)?
11
Let w(b) = -26*b**2 + 126*b + 7. Determine w(5).
-13
Let y(i) = -258*i - 2291. Calculate y(-9).
31
Let y(j) = -2*j**2 - 21*j - 70. What is y(-3)?
-25
Let b(x) = x**2 - 243*x + 6929. What is b(33)?
-1
Let w(c) = -256*c - 5318. Calculate w(-21).
58
Let f(n) = n**3 + 43*n**2 - 46*n - 58. Give f(-44).
30
Let o(h) = -h**2 + 2611*h + 39394. Determine o(-15).
4
Let t(q) = q**2 + 25*q - 41. Give t(-27).
13
Let g(q) = -2*q**3 + 18*q**2 - 87*q - 10. Determine g(4).
-198
Let i(j) = j**3 + 28*j**2 + 19*j - 226. What is i(-27)?
-10
Let i(f) = f**3 + 17*f**2 - 52*f + 11. Determine i(-20).
-149
Let x(f) = -2*f + 42. What is x(0)?
42
Let f(v) = -72*v - 69. Calculate f(-1).
3
Let x(s) = -3*s**3 - 91*s**2 - 28*s + 70. Determine x(-30).
10
Let m(o) = -2*o**3 + 50*o**2 - 181*o + 127. Determine m(21).
-146
Let s(u) = u**3 + 22*u**2 + 18*u - 97. Calculate s(-21).
-34
Let t(j) = 126*j**2 - 12*j + 10. Calculate t(1).
124
Let q(k) = -k**3 + k**2 + 14*k + 23. What is q(-2)?
7
Let i(j) = j**2 + 20*j - 9. Determine i(-16).
-73
Let t(a) = -a**3 - 49*a**2 + 174*a + 253. Give t(-52).
-683
Let b(n) = 25*n**3 - 2*n**2 + 3*n + 7. Determine b(-1).
-23
Let j(k) = -k**3 + 34*k**2 - 18*k - 69. Give j(33).
426
Let m(u) = 5*u**2 - 2*u - 8. Give m(5).
107
Let b(c) = 7*c**2 - 37*c - 4. Calculate b(5).
-14
Let o(r) = 2*r**2 - 27*r - 166. Determine o(-5).
19
Let g(t) = t**2 + 7. Determine g(-10).
107
Let v(t) = -t**3 + 13*t**2 - 24*t - 121. Calculate v(8).
7
Let d(j) = j**3 - 4*j**2 - 12*j + 54. What is d(3)?
9
Let s(t) = t**3 + 58*t**2 + 51*t - 326. Calculate s(-57).
16
Let s(p) = -161*p - 410. Calculate s(-2).
-88
Let l(d) = -66*d**2 - 332*d - 17. What is l(-5)?
-7
Let i(w) = -173*w - 4120. Determine i(-24).
32
Let z(r) = -25*r + 283. Calculate z(19).
-192
Let w(x) = -442*x + 123751. Give w(280).
-9
Let m(p) = -p**3 - 13*p**2 - 34*p + 11. Determine m(-9).
-7
Let a(o) = -36*o + 611. Calculate a(33).
-577
Let c(q) = -10*q**2 + 933*q + 3581. What is c(97)?
-8
Let j(z) = -z**2 - 153*z + 2527. Calculate j(15).
7
Let o(n) = 10*n - 888. What is o(94)?
52
Let d(n) = 3*n**2 - 8*n - 19. Give d(9).
152
Let p(l) = 2*l**3 + 28*l**2 - 99*l + 32. Determine p(-17).
-19
Let f(z) = 15*z**2 + 171*z + 47. Determine f(-11).
-19
Let w(x) = 8*x - 114. Give w(-3).
-138
Let p(q) = 2571*q + 113130. Give p(-44).
6
Let d(t) = -t**3 - 42*t**2 + 59*t + 685. Calculate d(-43).
-3
Let b(y) = y**3 + 85*y - 181. Give b(2).
-3
Let z(d) = 86*d**2 - 811*d - 10. Determine z(9).
-343
Let l(f) = -19*f**2 + 404*f - 64. Give l(21).
41
Let l(o) = -o**3 - 25*o**2 - 6*o + 57. Determine l(-25).
207
Let d(k) = 11*k + 130. Calculate d(-14).
-24
Let p(y) = 2*y**3 + 19*y**2 + 2*y - 28. What is p(-9)?
35
Let w(d) = -2900*d - 114. Determine w(0).
-114
Let f(k) = -k**3 - 9*k**2 - 16*k - 26. Calculate f(-7).
-12
Let b(u) = 8*u**2 - 19*u - 198. What is b(-6)?
204
Let i(y) = -1995*y + 6032. Give i(3).
47
Let y(g) = 18*g**2 - 9*g + 25. Determine y(1).
34
Let r(a) = -8*a**2 - 16*a - 108. Calculate r(-5).
-228
Let i(a) = 20*a**3 + 122*a**2 + 12*a - 5. Give i(-6).
-5
Let j(x) = -x**3 - 33*x**2 - 149*x - 1772. What is j(-30)?
-2
Let q(p) = -660*p + 19204. Determine q(29).
64
Let t(c) = 216*c - 6. Calculate t(0).
-6
Let g(k) = 5*k**2 - 656*k + 3309. Give g(5).
154
Let n(c) = -4*c**2 + 327*c + 75. Calculate n(82).
-7
Let x(h) = -5*h**2 - 28*h + 156. Calculate x(-10).
-64
Let x(t) = 12*t + 234. Determine x(-18).
18
Let t(o) = -2*o**2 - 197*o + 1317. Determine t(-105).
-48
Let i(k) = 33*k - 512. Give i(29).
445
Let n(q) = 4*q**3 - 61*q**2 + 19*q + 23. Calculate n(15).
83
Let t(r) = 58*r**3 + 15*r**2 - 2. What is t(2)?
522
Let p(m) = m**3 - 319*m**2 - 1945*m + 18. Determine p(-6).
-12
Let c(l) = -l**3 + 24*l**2 + 48*l + 129. Give c(26).
25
Let v(l) = 2*l**2 - 18*l - 79. Give v(15).
101
Let b(u) = u**3 - 16*u**2 + 31*u + 31. Determine b(11).
-233
Let t(d) = -3089*d + 9271. Calculate t(3).
4
Let h(o) = -3*o**3 + 81*o**2 - 75*o - 41. What is h(26)?
37
Let u(n) = -12*n - 7. Calculate u(-6).
65
Let o(w) = 1894*w + 5673. Calculate o(-3).
-9
Let z(i) = 2*i**2 + 44*i + 419. What is z(-15)?
209
Let v(k) = 4*k**3 + 25*k**2 - 11*k + 74. What is v(-7)?
4
Let v(a) = -1383*a + 11071. Give v(8).
7
Let u(l) = 361*l - 91327. Calculate u(253).
6
Let v(u) = -4989*u - 14963. Calculate v(-3).
4
Let l(w) = 4*w**2 - 30*w + 15. Give l(10).
115
Let v(d) = -3*d**3 + 7*d**2 + 7*d - 47. Calculate v(4).
-99
Let w(d) = -d**3 + 13*d**2 - 25*d + 13. What is w(11)?
-20
Let f(z) = -2*z**3 + 34*z**2 + 34*z + 7. Give f(18).
-29
Let w(m) = m**3 - 6*m**2 - 11*m + 25. Give w(3).
-35
Let j(x) = 79*x - 173. Determine j(3).
64
Let z(k) = -k**2 + 849*k - 5065. What is z(6)?
-7
Let b(u) = -9*u**2 - 248*u - 122. Give b(-27).
13
Let j(h) = -2*h**2 - 30*h - 22. Determine j(-9).
86
Let b(r) = 10*r**2 + 8*r - 23. What is b(4)?
169
Let w(v) = v**3 + 10*v**2 - 38*v + 10. Give w(-13).
-3
Let g(z) = -2*z**3 - 57*z**2 + 31*z + 58. Give g(-29).
0
Let h(u) = 594*u + 10703. Calculate h(-18).
11
Let v(u) = 1526*u - 54942. Determine v(36).
-6
Let d(y) = -2*y**2 + 12*y + 123. Determine d(-7).
-59
Let w(m) = 3*m**2 - 71*m - 396. Determine w(29).
68
Let b(k) = -8*k**2 + 52*k + 103. What is b(-2)?
-33
Let g(x) = 75*x + 1026. Give g(-10).
276
Let o(r) = 9*r**2 - 716*r - 330. Determine o(80).
-10
Let m(o) = -25*o - 526. Calculate m(-21).
-1
Let o(p) = -67*p**2 + 342*p - 44. What is o(5)?
-9
Let o(l) = 72*l**2 - 428*l - 10. Give o(6).
14
Let g(o) = -14*o + 1981. Determine g(141).
7
Let b(c) = 2*c**3 + 68*c**2 - 141*c + 113. What is b(-36)?
5
Let t(f) = -220*f - 15680. Determine t(-72).
160
Let a(r) = 140*r - 1179. Give a(8).
-59
Let z(n) = -n**3 - 15*n**2 - 